{"id":242,"date":"2017-10-30T06:54:01","date_gmt":"2017-10-30T05:54:01","guid":{"rendered":"http:\/\/domaljevac.ba\/nova\/?page_id=242"},"modified":"2020-01-09T12:58:44","modified_gmt":"2020-01-09T11:58:44","slug":"akti","status":"publish","type":"page","link":"https:\/\/domaljevac.ba\/novo\/akti\/","title":{"rendered":"Akti"},"content":{"rendered":"\n<div class=\"wp-block-group\"><div class=\"wp-block-group__inner-container is-layout-flow wp-block-group-is-layout-flow\">\n<p><strong><a href=\"http:\/\/domaljevac.ba\/nova\/wp-content\/uploads\/2018\/09\/STATUT-OP\u0106INE-DOMALJEVAC-\u0160AMAC.pdf\">&#8211; Statut op\u0107ine Domaljevac-\u0160amac<\/a><\/strong><\/p>\n<p><strong><a href=\"https:\/\/ov-domaljevac-samac.ba\/akti\/poslovnik-o-radu-ov-a\/\">&#8211; Poslovnik o radu OV-a<\/a><\/strong><\/p>\n<p><strong><a href=\"https:\/\/ov-domaljevac-samac.ba\/akti\/proracun\/\">&#8211; Prora\u010dun op\u0107ine Domaljevac-\u0160amac<\/a><\/strong><\/p>\n<p>&#8211;\u00a0<strong><a href=\"http:\/\/ov-domaljevac-samac.ba\/akti\/program-rada-opcinskog-vijeca-201617\/\">Program rada Op\u0107inskog vije\u0107a 2016\/17<\/a><\/strong><\/p>\n<p><strong>&#8211; <\/strong><a href=\"https:\/\/drive.google.com\/file\/d\/1zWDBfrgWlUU5w4qoHm3jU39JpKFtqkjm\/view?usp=sharing\"><strong>Integrirana strategija lokalnog razvoja op\u0107ine Domaljevac-\u0160amac za razdoblje 2018-2027<\/strong><\/a><\/p>\n<p><a href=\"https:\/\/domaljevac.ba\/novo\/wp-content\/uploads\/2019\/03\/Prora\u010dun-2019..docx\"><strong>-Prora\u010dun op\u0107ine Domaljevac-\u0160amac za 2019. godinu<\/strong><\/a><\/p>\n<p><strong><a href=\"https:\/\/domaljevac.ba\/novo\/wp-content\/uploads\/2019\/03\/8-Odluka-o-izvr\u0161avanju-Prora\u010duna-2019.godina.docx\">-Odluka o izvr\u0161avanju Prora\u010duna op\u0107ine Domaljevac-\u0160amac za 2019. godinu<\/a><\/strong><\/p>\n<p><strong><a href=\"https:\/\/domaljevac.ba\/novo\/wp-content\/uploads\/2019\/10\/zemlji\u0161te-licitacija.pdf\">\u00a0&#8211; Odluka o odabiru najpovoljnije ponude po Javnom pozivu za zakup dr\u017eavnog poljoprivrednog zemlji\u0161ta<\/a><br \/><\/strong><\/p>\n<p><a href=\"https:\/\/domaljevac.ba\/novo\/wp-content\/uploads\/2020\/01\/6-PRORA\u010cUN-2020..docx\"><strong>-Prora\u010dun op\u0107ine Domaljevac-\u0160amac za 2020<\/strong><\/a><a href=\"https:\/\/domaljevac.ba\/novo\/wp-content\/uploads\/2020\/01\/6-PRORA\u010cUN-2020..docx\"><strong>. godinu<\/strong><\/a><\/p>\n<p><strong><a href=\"https:\/\/domaljevac.ba\/novo\/wp-content\/uploads\/2020\/01\/5-Odluka-o-izvr\u0161avanju-Prora\u010duna-2020.godina..docx\">-Odluka o izvr\u0161avanju Prora\u010duna op\u0107ine Domaljevac-\u0160amac za 2020. godinu<\/a><\/strong><\/p>\n<\/div><\/div>\n","protected":false},"excerpt":{"rendered":"<p>&#8211; Statut op\u0107ine Domaljevac-\u0160amac &#8211; Poslovnik o radu OV-a &#8211; Prora\u010dun op\u0107ine Domaljevac-\u0160amac &#8211;\u00a0Program rada Op\u0107inskog vije\u0107a 2016\/17 &#8211; Integrirana strategija lokalnog razvoja op\u0107ine Domaljevac-\u0160amac za razdoblje 2018-2027 -Prora\u010dun op\u0107ine Domaljevac-\u0160amac za 2019. godinu -Odluka o izvr\u0161avanju Prora\u010duna op\u0107ine Domaljevac-\u0160amac&hellip; <\/p>\n","protected":false},"author":1,"featured_media":0,"parent":0,"menu_order":0,"comment_status":"closed","ping_status":"closed","template":"","meta":{"footnotes":""},"class_list":["post-242","page","type-page","status-publish","hentry"],"_links":{"self":[{"href":"https:\/\/domaljevac.ba\/novo\/wp-json\/wp\/v2\/pages\/242","targetHints":{"allow":["GET"]}}],"collection":[{"href":"https:\/\/domaljevac.ba\/novo\/wp-json\/wp\/v2\/pages"}],"about":[{"href":"https:\/\/domaljevac.ba\/novo\/wp-json\/wp\/v2\/types\/page"}],"author":[{"embeddable":true,"href":"https:\/\/domaljevac.ba\/novo\/wp-json\/wp\/v2\/users\/1"}],"replies":[{"embeddable":true,"href":"https:\/\/domaljevac.ba\/novo\/wp-json\/wp\/v2\/comments?post=242"}],"version-history":[{"count":10,"href":"https:\/\/domaljevac.ba\/novo\/wp-json\/wp\/v2\/pages\/242\/revisions"}],"predecessor-version":[{"id":2883,"href":"https:\/\/domaljevac.ba\/novo\/wp-json\/wp\/v2\/pages\/242\/revisions\/2883"}],"wp:attachment":[{"href":"https:\/\/domaljevac.ba\/novo\/wp-json\/wp\/v2\/media?parent=242"}],"curies":[{"name":"wp","href":"https:\/\/api.w.org\/{rel}","templated":true}]}}