{"id":203,"date":"2017-10-30T02:04:19","date_gmt":"2017-10-30T01:04:19","guid":{"rendered":"http:\/\/domaljevac.ba\/nova\/?page_id=203"},"modified":"2019-01-24T13:11:48","modified_gmt":"2019-01-24T12:11:48","slug":"opcinske-sluzbe","status":"publish","type":"page","link":"https:\/\/domaljevac.ba\/novo\/opcinske-sluzbe\/","title":{"rendered":"Op\u0107inske slu\u017ebe"},"content":{"rendered":"<p>\u2013\u00a0<a href=\"https:\/\/domaljevac.ba\/novo\/ured-opcinskog-nacelnika\/\">Ured op\u0107inskog na\u010delnika<\/a><\/p>\n<p>\u2013\u00a0<a href=\"https:\/\/domaljevac.ba\/novo\/sluzbe-za-financije-i-gospodarstvo\/\">Slu\u017eba za financije i gospodarstvo<\/a><\/p>\n<p>\u2013\u00a0<a href=\"https:\/\/domaljevac.ba\/novo\/sluzba-za-pravne-poslove-urbanizam-i-katastar\/\">Slu\u017eba za pravne poslove, urbanizam i katastar<\/a><\/p>\n<p>\u2013\u00a0<a href=\"https:\/\/domaljevac.ba\/novo\/sluzba-za-civilnu-zastitu-i-branitelje-iz-domovinskog-rata\/\">Slu\u017eba za civilnu za\u0161titu i branitelje iz Domovinskog rata<\/a><\/p>\n<p><a href=\"https:\/\/domaljevac.ba\/novo\/samostalna-sluzba-za-komunalne-djelatnosti-opcine-domaljevac\/\">&#8211; Komunalna slu\u017eba<\/a><\/p>\n\n\n<p><\/p>\n","protected":false},"excerpt":{"rendered":"<p>\u2013\u00a0Ured op\u0107inskog na\u010delnika \u2013\u00a0Slu\u017eba za financije i gospodarstvo \u2013\u00a0Slu\u017eba za pravne poslove, urbanizam i katastar \u2013\u00a0Slu\u017eba za civilnu za\u0161titu i branitelje iz Domovinskog rata &#8211; Komunalna slu\u017eba<\/p>\n","protected":false},"author":1,"featured_media":0,"parent":0,"menu_order":0,"comment_status":"closed","ping_status":"closed","template":"","meta":{"footnotes":""},"class_list":["post-203","page","type-page","status-publish","hentry"],"_links":{"self":[{"href":"https:\/\/domaljevac.ba\/novo\/wp-json\/wp\/v2\/pages\/203","targetHints":{"allow":["GET"]}}],"collection":[{"href":"https:\/\/domaljevac.ba\/novo\/wp-json\/wp\/v2\/pages"}],"about":[{"href":"https:\/\/domaljevac.ba\/novo\/wp-json\/wp\/v2\/types\/page"}],"author":[{"embeddable":true,"href":"https:\/\/domaljevac.ba\/novo\/wp-json\/wp\/v2\/users\/1"}],"replies":[{"embeddable":true,"href":"https:\/\/domaljevac.ba\/novo\/wp-json\/wp\/v2\/comments?post=203"}],"version-history":[{"count":3,"href":"https:\/\/domaljevac.ba\/novo\/wp-json\/wp\/v2\/pages\/203\/revisions"}],"predecessor-version":[{"id":1008,"href":"https:\/\/domaljevac.ba\/novo\/wp-json\/wp\/v2\/pages\/203\/revisions\/1008"}],"wp:attachment":[{"href":"https:\/\/domaljevac.ba\/novo\/wp-json\/wp\/v2\/media?parent=203"}],"curies":[{"name":"wp","href":"https:\/\/api.w.org\/{rel}","templated":true}]}}