{"id":192,"date":"2017-10-30T01:48:05","date_gmt":"2017-10-30T00:48:05","guid":{"rendered":"http:\/\/domaljevac.ba\/nova\/?page_id=192"},"modified":"2019-02-01T12:59:15","modified_gmt":"2019-02-01T11:59:15","slug":"opcinsko-vijece","status":"publish","type":"page","link":"https:\/\/domaljevac.ba\/novo\/opcinsko-vijece\/","title":{"rendered":"Op\u0107insko vije\u0107e"},"content":{"rendered":"<p style=\"text-align: justify;\">Op\u0107insko Vije\u0107e je predstavni\u010dko tijelo gra\u0111ana koje obavlja poslove iz svoje nadle\u017enosti samostalno, na temelju i u okviru Ustava Federacije, Ustava \u017dupanije Posavske, zakona i Statuta op\u0107ine.<\/p>\n<p style=\"text-align: justify;\">U Bosni i Hercegovini su 02. listopada 2016. godine odr\u017eani lokalni izbori na kojima su birani predstavnici gra\u0111ana u predstavni\u010dka tijela, vije\u0107a ili skup\u0161tine kao i na\u010delnici op\u0107ina i gradona\u010delnici gradova.<\/p>\n<p style=\"text-align: justify;\">Na temelju rezultata izbora i na temelju Statuta op\u0107ine i Poslovnika o radu Op\u0107inskog Vije\u0107a,\u00a0 odr\u017eana je Konstituiraju\u0107a sjednica na kojoj je prisegnuo novi saziv Vije\u0107a te izabrani predsjednik i dopredsjednik.<\/p>\n<p style=\"text-align: justify;\">Op\u0107insko vije\u0107e Domaljevac-\u0160amac ima jedanaest vije\u0107nika koji su iz redova politi\u010dkih stranaka, i to: \u010detiri vije\u0107nika iz HDZ BIH, dva vije\u0107nika iz HDZ 1990,\u00a0 jedan vije\u0107nik iz HNS, jedan iz Posavske stranke, dva samostalna vije\u0107nika i jedan neovisni vije\u0107nik.<\/p>\n","protected":false},"excerpt":{"rendered":"<p>Op\u0107insko Vije\u0107e je predstavni\u010dko tijelo gra\u0111ana koje obavlja poslove iz svoje nadle\u017enosti samostalno, na temelju i u okviru Ustava Federacije, Ustava \u017dupanije Posavske, zakona i Statuta op\u0107ine. U Bosni i Hercegovini su 02. listopada 2016. godine odr\u017eani lokalni izbori na&hellip; <\/p>\n","protected":false},"author":1,"featured_media":0,"parent":0,"menu_order":0,"comment_status":"closed","ping_status":"closed","template":"","meta":{"footnotes":""},"class_list":["post-192","page","type-page","status-publish","hentry"],"_links":{"self":[{"href":"https:\/\/domaljevac.ba\/novo\/wp-json\/wp\/v2\/pages\/192","targetHints":{"allow":["GET"]}}],"collection":[{"href":"https:\/\/domaljevac.ba\/novo\/wp-json\/wp\/v2\/pages"}],"about":[{"href":"https:\/\/domaljevac.ba\/novo\/wp-json\/wp\/v2\/types\/page"}],"author":[{"embeddable":true,"href":"https:\/\/domaljevac.ba\/novo\/wp-json\/wp\/v2\/users\/1"}],"replies":[{"embeddable":true,"href":"https:\/\/domaljevac.ba\/novo\/wp-json\/wp\/v2\/comments?post=192"}],"version-history":[{"count":3,"href":"https:\/\/domaljevac.ba\/novo\/wp-json\/wp\/v2\/pages\/192\/revisions"}],"predecessor-version":[{"id":953,"href":"https:\/\/domaljevac.ba\/novo\/wp-json\/wp\/v2\/pages\/192\/revisions\/953"}],"wp:attachment":[{"href":"https:\/\/domaljevac.ba\/novo\/wp-json\/wp\/v2\/media?parent=192"}],"curies":[{"name":"wp","href":"https:\/\/api.w.org\/{rel}","templated":true}]}}