{"id":263,"date":"2017-10-30T07:03:58","date_gmt":"2017-10-30T06:03:58","guid":{"rendered":"http:\/\/domaljevac.ba\/nova\/?page_id=263"},"modified":"2017-10-30T07:03:58","modified_gmt":"2017-10-30T06:03:58","slug":"djecji-vrtic-domaljevac","status":"publish","type":"page","link":"https:\/\/domaljevac.ba\/nova\/djecji-vrtic-domaljevac\/","title":{"rendered":"Dje\u010dji vrti\u0107 Domaljevac"},"content":{"rendered":"<p>Javna ustanova \u201eDje\u010dji vrti\u0107\u201c Domaljevac osnovana je od strane Op\u0107inskog vije\u0107a Domaljevac-\u0160amac 28.06.2004. godine.<\/p>\n<p>Izgradnju i opremanje vrti\u0107a su financirali Federalno ministarstvo obrazovanja, Vlada Republike Hrvatske\u00a0 kroz program pomo\u0107i hrvata u Bosni i Hercegovini i OPEC fond.\u00a0 Op\u0107ina je 2012. osigurala\u00a0 preostala potrebna sredstva za opremanje\u00a0namje\u0161tajem, edukativnim igra\u010dkama i svim ostalim sredstvima potrebnim za realizaciju odgojno-obrazovnog rada.<\/p>\n<p>\u201eDje\u010dji\u00a0 vrti\u0107\u201c Domaljevac je po\u010deo s radom prvog listopada 2012. godine.<\/p>\n<p>Javna ustanova Dje\u010dji vrti\u0107 Domaljevac smje\u0161tena je u Domaljevcu u ulici Ivana Ma\u017eurani\u0107a 10.<\/p>\n<p>Odgojno-obrazovni rad se realizira u dvije skupine. Prva skupina je mje\u0161ovita za djecu uzrasta od tri do \u0161est godina. Druga skupina je jasli\u010dka za djecu od jedne do tri godine starosti. Trenuta\u010dno se u mje\u0161ovitoj skupini nalazi 17 djece, a u mje\u0161ovitoj \u00a011 djece.<\/p>\n<p>Ustanovom rukovodi v.d. ravnateljica Marijana Ive\u0161i\u0107, dipl. pedagog-psiholog.<\/p>\n<p>&nbsp;<\/p>\n<p><strong>Podaci \u00a0o zaposlenicima:<\/strong><\/p>\n<p><img loading=\"lazy\" decoding=\"async\" class=\"alignnone size-medium wp-image-540\" src=\"http:\/\/ov-domaljevac-samac.ba\/wp-content\/uploads\/2017\/02\/ja-izbori-217x300.jpg\" alt=\"\" width=\"217\" height=\"300\" \/><\/p>\n<p>Ime i prezime: Marijana Ive\u0161i\u0107<br \/>\nDatum i mjesto ro\u0111enja: 14.04.1985.<br \/>\nPrebivali\u0161te: Kralja Zvonimira 13. ,Domaljevac<br \/>\nRadno mjesto: v.d. ravanteljica<br \/>\nStru\u010dna sprema: VSS, dip. pedagog-psiholog<br \/>\nDatum zasnivanje radnog odnosa: 09.12.2015.<\/p>\n<p>&nbsp;<\/p>\n<p><img loading=\"lazy\" decoding=\"async\" class=\"alignnone size-medium wp-image-541\" src=\"http:\/\/ov-domaljevac-samac.ba\/wp-content\/uploads\/2017\/02\/maja-240x300.jpg\" alt=\"\" width=\"240\" height=\"300\" \/><\/p>\n<p>Ime i prezime: Matija Mati\u0107<br \/>\nDatum i mjesto ro\u0111enja: 03.10.1992.<br \/>\nPrebivali\u0161te: Stjepana Radi\u0107a 39. ,Domaljevac<br \/>\nRadno mjesto: odgojiteljica<br \/>\nStru\u010dna sprema: VSS, sveu\u010dili\u0161na prvostupnica ranog i pred\u0161kolskog odgoja i obrazovanja<br \/>\nDatum zasnivanje radnog odnosa: 20.01.2016.<\/p>\n<p>&nbsp;<\/p>\n<p><img loading=\"lazy\" decoding=\"async\" class=\"alignnone size-medium wp-image-544\" src=\"http:\/\/ov-domaljevac-samac.ba\/wp-content\/uploads\/2017\/02\/katarina-256x300.jpg\" alt=\"\" width=\"256\" height=\"300\" \/><\/p>\n<p>Ime i prezime: Katarina\u00a0Dominkovi\u0107<br \/>\nDatum i mjesto ro\u0111enja: 09.07.1991.<br \/>\nPrebivali\u0161te: Kopanice 182<br \/>\nRadno mjesto: odgojiteljica<br \/>\nStru\u010dna sprema: VSS, prvostupnik\/bachelor pred\u0161kolskog odgoja<br \/>\nDatum zasnivanje radnog odnosa: 06.05.2016.<\/p>\n<p>&nbsp;<\/p>\n<p><img loading=\"lazy\" decoding=\"async\" class=\"alignnone size-medium wp-image-672\" src=\"http:\/\/ov-domaljevac-samac.ba\/wp-content\/uploads\/2017\/02\/matilda-227x300.jpg\" alt=\"\" width=\"227\" height=\"300\" \/><\/p>\n<p>Ime i prezime: Matilda \u0160pionjak<br \/>\nDatum i mjesto ro\u0111enja : 20.05.1991., Grada\u010dac<br \/>\nPrebivali\u0161te: Domobranska 35., Grebnice<br \/>\nRadno mjesto: odgojiteljica<br \/>\nStru\u010dna sprema: VSS, prvostupnik\/bachelor pred\u0161kolskog odgoja<br \/>\nDatum zasnivanje radnog odnosa: 02.03.2016.<\/p>\n<p>&nbsp;<\/p>\n<p><img loading=\"lazy\" decoding=\"async\" class=\"alignnone size-medium wp-image-543\" src=\"http:\/\/ov-domaljevac-samac.ba\/wp-content\/uploads\/2017\/02\/zrinka-225x300.jpg\" alt=\"\" width=\"225\" height=\"300\" \/><\/p>\n<p>Ime i prezime: Zrinka Tuzlak<br \/>\nDatum i mjesto ro\u0111enja: 29.10.1977., Grada\u010dac<br \/>\nPrebivali\u0161te: Domobranska 52., Grebnice<br \/>\nRadno mjesto: kuharica<br \/>\nStru\u010dna sprema: SSS, kuhar<br \/>\nDatum zasnivanje radnog odnosa: 01.08.2013.<\/p>\n<p>&nbsp;<\/p>\n<p><img loading=\"lazy\" decoding=\"async\" class=\"alignnone size-medium wp-image-542\" src=\"http:\/\/ov-domaljevac-samac.ba\/wp-content\/uploads\/2017\/02\/kata-227x300.jpg\" alt=\"\" width=\"227\" height=\"300\" \/><\/p>\n<p>Ime i prezime: Kata Mad\u017earevi\u0107<br \/>\nDatum i mjesto ro\u0111enja :21.06.1969., Bosanski \u0160amac<br \/>\nPrebivali\u0161te: \u00a0Matije Gupca 37., Domaljevac<br \/>\nRadno mjesto: sprema\u010dica<br \/>\nStru\u010dna sprema: NK<br \/>\nDatum zasnivanje radnog odnosa: 01.08.2013.<\/p>\n","protected":false},"excerpt":{"rendered":"<p>Javna ustanova \u201eDje\u010dji vrti\u0107\u201c Domaljevac osnovana je od strane Op\u0107inskog vije\u0107a Domaljevac-\u0160amac 28.06.2004. godine. Izgradnju i opremanje vrti\u0107a su financirali Federalno ministarstvo obrazovanja, Vlada Republike Hrvatske\u00a0 kroz program pomo\u0107i hrvata&#8230; <a class=\"read-more-link\" href=\"https:\/\/domaljevac.ba\/nova\/djecji-vrtic-domaljevac\/\">Read more &raquo;<\/a><\/p>\n","protected":false},"author":1,"featured_media":0,"parent":0,"menu_order":0,"comment_status":"closed","ping_status":"closed","template":"","meta":{"footnotes":""},"class_list":["post-263","page","type-page","status-publish","hentry"],"_links":{"self":[{"href":"https:\/\/domaljevac.ba\/nova\/wp-json\/wp\/v2\/pages\/263","targetHints":{"allow":["GET"]}}],"collection":[{"href":"https:\/\/domaljevac.ba\/nova\/wp-json\/wp\/v2\/pages"}],"about":[{"href":"https:\/\/domaljevac.ba\/nova\/wp-json\/wp\/v2\/types\/page"}],"author":[{"embeddable":true,"href":"https:\/\/domaljevac.ba\/nova\/wp-json\/wp\/v2\/users\/1"}],"replies":[{"embeddable":true,"href":"https:\/\/domaljevac.ba\/nova\/wp-json\/wp\/v2\/comments?post=263"}],"version-history":[{"count":1,"href":"https:\/\/domaljevac.ba\/nova\/wp-json\/wp\/v2\/pages\/263\/revisions"}],"predecessor-version":[{"id":265,"href":"https:\/\/domaljevac.ba\/nova\/wp-json\/wp\/v2\/pages\/263\/revisions\/265"}],"wp:attachment":[{"href":"https:\/\/domaljevac.ba\/nova\/wp-json\/wp\/v2\/media?parent=263"}],"curies":[{"name":"wp","href":"https:\/\/api.w.org\/{rel}","templated":true}]}}