{"id":242,"date":"2017-10-30T06:54:01","date_gmt":"2017-10-30T05:54:01","guid":{"rendered":"http:\/\/domaljevac.ba\/nova\/?page_id=242"},"modified":"2018-09-04T13:47:14","modified_gmt":"2018-09-04T11:47:14","slug":"akti","status":"publish","type":"page","link":"https:\/\/domaljevac.ba\/nova\/akti\/","title":{"rendered":"Akti"},"content":{"rendered":"<p><strong><a href=\"https:\/\/domaljevac.ba\/nova\/wp-content\/uploads\/2018\/09\/STATUT-OP\u0106INE-DOMALJEVAC-\u0160AMAC.pdf\">&#8211; Statut op\u0107ine Domaljevac-\u0160amac<\/a><\/strong><\/p>\n<p><strong><a href=\"https:\/\/ov-domaljevac-samac.ba\/akti\/poslovnik-o-radu-ov-a\/\">&#8211; Poslovnik o radu OV-a<\/a><\/strong><\/p>\n<p><strong><a href=\"https:\/\/ov-domaljevac-samac.ba\/akti\/proracun\/\">&#8211; Prora\u010dun op\u0107ine Domaljevac-\u0160amac<\/a><\/strong><\/p>\n<p>&#8211;\u00a0<strong><a href=\"http:\/\/ov-domaljevac-samac.ba\/akti\/program-rada-opcinskog-vijeca-201617\/\">Program rada Op\u0107inskog vije\u0107a 2016\/17<\/a><\/strong><\/p>\n<p><strong>\u00a0<\/strong><\/p>\n<p>&nbsp;<\/p>\n","protected":false},"excerpt":{"rendered":"<p>&#8211; Statut op\u0107ine Domaljevac-\u0160amac &#8211; Poslovnik o radu OV-a &#8211; Prora\u010dun op\u0107ine Domaljevac-\u0160amac &#8211;\u00a0Program rada Op\u0107inskog vije\u0107a 2016\/17 \u00a0 &nbsp;<\/p>\n","protected":false},"author":1,"featured_media":0,"parent":0,"menu_order":0,"comment_status":"closed","ping_status":"closed","template":"","meta":{"footnotes":""},"class_list":["post-242","page","type-page","status-publish","hentry"],"_links":{"self":[{"href":"https:\/\/domaljevac.ba\/nova\/wp-json\/wp\/v2\/pages\/242","targetHints":{"allow":["GET"]}}],"collection":[{"href":"https:\/\/domaljevac.ba\/nova\/wp-json\/wp\/v2\/pages"}],"about":[{"href":"https:\/\/domaljevac.ba\/nova\/wp-json\/wp\/v2\/types\/page"}],"author":[{"embeddable":true,"href":"https:\/\/domaljevac.ba\/nova\/wp-json\/wp\/v2\/users\/1"}],"replies":[{"embeddable":true,"href":"https:\/\/domaljevac.ba\/nova\/wp-json\/wp\/v2\/comments?post=242"}],"version-history":[{"count":3,"href":"https:\/\/domaljevac.ba\/nova\/wp-json\/wp\/v2\/pages\/242\/revisions"}],"predecessor-version":[{"id":366,"href":"https:\/\/domaljevac.ba\/nova\/wp-json\/wp\/v2\/pages\/242\/revisions\/366"}],"wp:attachment":[{"href":"https:\/\/domaljevac.ba\/nova\/wp-json\/wp\/v2\/media?parent=242"}],"curies":[{"name":"wp","href":"https:\/\/api.w.org\/{rel}","templated":true}]}}